Let f(k) = k**3 - 4*k**2 + k - 2. Let q = 72 + -69. Determine f(q).
-8
Suppose 2*n + 14 = 2*w, 2*n = 4*w + 7 - 23. Let c = n - -11. Let b(z) = -c*z + 16*z - 9*z - 5*z. What is b(3)?
-9
Suppose 0 = 14*v - 17*v + 84. Let z = 22 - v. Let m(r) = r**2 + 7*r. Calculate m(z).
-6
Let t(b) be the second derivative of -1/2*b**2 + 6*b - 1/3*b**3 + 0. Let v be t(2). Let j(q) = -2*q - 2. What is j(v)?
8
Let s(l) = 18*l + 4. Let f(b) = 13*b + 3. Let g(t) = -4*f(t) + 3*s(t). Determine g(2).
4
Let o(w) = -w + 2. Suppose -4*d = -0*d + 4, z - 6 = 2*d. Let i(t) = -t + 2. Let g(u) = z*o(u) - 3*i(u). Give g(-7).
9
Let d(i) = -i - 2. Suppose 4 = -n, -3 + 15 = -2*l - n. Determine d(l).
2
Let k(a) = -19*a - 64 - 2*a**2 - 2*a + 97 - 18. Calculate k(-11).
4
Suppose -9*l = -3 - 15. Suppose -7 = -4*t + 1, -4*b + l = 5*t. Let v(x) = 3*x + 3. Determine v(b).
-3
Let j(q) = -13 + 9*q**2 - 1 + 0*q**3 + q**3 + 4. Let p(a) = a**3 + 10*a**2 + a - 11. Let c(i) = -3*j(i) + 2*p(i). Give c(-7).
-6
Let o(x) be the second derivative of -x**4/12 - x**3/2 - x**2/2 - 2*x. Let t(g) be the first derivative of o(g). Suppose 3*y - 8*y = -17*y - 72. Determine t(y).
9
Let f(y) = -y**2 + 2. Let d be 6 + (-3)/(6/8). What is f(d)?
-2
Let p(x) = -22*x + 117. Let m be p(5). Let f(t) be the second derivative of -t**3/3 + 5*t**2 - 2*t. Calculate f(m).
-4
Let u(q) = -q**2 - q - 1. Let z(w) = -8*w - 8*w**2 - 5 - 29*w**3 + 28*w**3 + 0 + 0. Let s(t) = -4*u(t) + z(t). Determine s(-3).
2
Let b(p) = 20*p + 11. Let f(u) = -5*u - 3. Let z(v) = 2*b(v) + 9*f(v). Suppose 37*d - 166 = -18. Calculate z(d).
-25
Let n be (-99)/(-11) + (-2 - 4). Let s(j) = -2*j**3 + 3*j**2 - j - 3. What is s(n)?
-33
Let m(j) = -j - 3. Let r(y) = -1. Let c(v) = m(v) - 4*r(v). Let l = 13 + -10. Suppose 5*p + o = 6*o + 15, p = l*o + 9. Determine c(p).
1
Let q(c) = -2*c + 16. Suppose -15 = -3*o + 5*g, 0*o + 5*o + 12 = -4*g. Determine q(o).
16
Let c(i) = i**3 + 6*i**2 + 7*i + 7. Suppose -4*z + z = -2*g + 26, -2 = -g - 4*z. Suppose -4*h - g = -2*h. Calculate c(h).
-3
Let j = 5 - 7. Let y be j - (-3 - 0 - -1). Suppose 0 = -2*c, 4*o - 5*c + y = -12. Let q(h) = h**2 - h - 2. Calculate q(o).
10
Let m(a) be the first derivative of -3*a**2/2 + 3*a + 9. Let t be 17/(-5) + 4 + (-54)/15. What is m(t)?
12
Let k(j) be the first derivative of 5*j**3/3 - j**2 - 3*j + 376. Calculate k(-2).
21
Let a(x) = 0*x**3 + 2*x**2 - 17 - x - 3*x - 2*x**3 + 16. Determine a(3).
-49
Let k(m) = m - 2. Let v(o) = -4*o - 3. Let q be v(-1). Let j be (-8)/12*-6 - q. What is k(j)?
1
Let u(s) = 3 - 7*s + 0*s**2 + 4 - 6 - s**2 + 7. Let y be 0 + -3 + 1 - 7. What is u(y)?
-10
Let v(n) = -4*n**2 - 5*n. Let i(a) = 3*a**2 + 5*a - 1. Let x(z) = 7*i(z) + 6*v(z). Let f(r) = -r**2 + 2*r - 3. Let m(s) = -5*f(s) + 2*x(s). Determine m(1).
0
Let n(t) = t**3 + 7*t**2 + 7*t + 6. Let i = -2 - -6. Suppose -i*m = m - 105. Let r = 15 - m. Determine n(r).
0
Let f = -19 + 13. Let r(a) = a + 9*a**2 - 5*a**2 + 7 + 10*a**2 - 13*a**2 + 5*a. What is r(f)?
7
Let r be (-13)/(-6) - (-4)/(-24). Suppose 2 = -r*k - 6, 2*g - 28 = 5*k. Let z(y) = -y**3 + 4*y**2 + 3*y - 6. Give z(g).
6
Let u(g) = g - 1. Let k = -33 - -32. Let l(q) = q - 4. Let n(p) = k*l(p) + 2*u(p). Suppose 0 = -3*j - 4*i + 4, 5*j - i + 4*i = -8. Calculate n(j).
-2
Let f(m) = -4*m**2 - m - 11. Let j(p) = -10*p**2 - 2*p - 26. Let g(y) = -12*f(y) + 5*j(y). Give g(3).
-10
Suppose -2*b = 4*v - 16, -11*b - 12 = -4*v - 12*b. Let n(s) be the second derivative of -1/12*s**4 + 0 + 0*s**v - 1/6*s**3 + 2*s. What is n(3)?
-12
Suppose -1 + 4 = 3*m. Let h(d) be the first derivative of 7*d**4/4 + d**3/3 + d**2/2 - d + 369. Give h(m).
8
Let s(g) be the third derivative of g**6/120 + g**5/60 - 16*g**3/3 - 2*g**2 + 138*g. Determine s(0).
-32
Let a(s) = s**2 - 5*s - 1. Let j(z) = -6*z**2 + 46*z + 25. Let k(q) = -5*a(q) - j(q). Determine k(22).
2
Suppose 0 = 4*o + c - 7, 4*o + 5*c + 0 = 3. Let f = 26 + -19. Let v(h) = 2 + 5*h + f*h**2 - o*h - 6*h**2. Determine v(-4).
6
Let a(x) = x**2 + 10*x - 5. Let h be a(-11). Suppose 5*p + 2*f - 25 = 0, 5*p - f = f + 25. Let q(t) = -6 + 3*t - p - 2*t + 0. Determine q(h).
-5
Suppose o + 2*w + 20 = -2*w, o = -5*w - 23. Let j(u) = -u**3 - 7*u**2 + 8*u + 2. Calculate j(o).
2
Suppose 0 = 6*c - 19 + 7. Let a(l) = 10 - l + 2 + l**c + 8*l - 3. Determine a(-6).
3
Suppose 0 = -2*d + 4*d. Suppose 4*a - 17 + 49 = d. Let r be 21/(-14)*a/3. Let w(j) = j**3 - 3*j**2 - 4*j + 5. Determine w(r).
5
Let p(h) = 2*h. Let m = -12 - -14. Suppose -3*w + 15 = 3*x, -4*x + 20 = m*w + 2. Suppose 0*u = u + x. What is p(u)?
-8
Let p(q) be the second derivative of -q**5/20 - 5*q**4/12 + 2*q**3/3 + q**2 - 2*q + 102. Calculate p(-5).
-18
Let n(b) = -2*b + 8. Let k be n(-14). Let h = 40 - k. Let l(v) = -4 + 1 - 3*v + h. Determine l(3).
-8
Let u(z) = 4*z**2 + 5*z**2 - 6*z - 9*z**2 - 4*z**2 + 3*z**2. Calculate u(-6).
0
Let c = -143 + 154. Let t(v) = -115*v + 55*v - c + 59*v. Determine t(-8).
-3
Suppose 276*i - 278*i - 4 = 0. Let b(p) be the third derivative of -p**6/120 - p**5/30 + p**4/12 + p**3/2 - 2*p**2. Determine b(i).
-1
Suppose -435*v = -438*v + 15. Let a(z) be the third derivative of -z**4/24 + 7*z**3/6 + 6*z**2. Give a(v).
2
Let n(l) = -l - 3. Let w be n(-7). Let v(h) = 2*h - 7 + 2 - h**2 + 2*h + w*h. Let j be (22 + -1)*12/36. Determine v(j).
2
Suppose -2*x - x + 3 = 0. Let v(k) be the third derivative of 1/12*k**4 - 1/12*k**5 + 0 + 0*k - 1/6*k**3 + 3*k**2. Calculate v(x).
-4
Let f(a) = 2 - 4 - 15*a + 14*a - 10. Determine f(7).
-19
Let u = 8 + -5. Let l(n) = -3*n**3 - 3*n - 3*n**2 + n**3 - 5 + 0*n**u + 3*n**3. Suppose 5*d - 17 = d - a, 4*a = 2*d - 4. Give l(d).
-1
Let y(s) = s**2 - 11*s + 7. Let u = 128 + -64. Let p = u - 53. What is y(p)?
7
Suppose -35 = 6*t - 35. Let z(m) be the third derivative of 5/24*m**4 + t*m**3 - 3*m**2 + 0*m + 0. What is z(1)?
5
Let q(r) be the third derivative of r**6/240 + r**5/30 - 13*r**4/24 - 8*r**2. Let x(y) be the second derivative of q(y). Calculate x(-4).
-8
Let q(i) = -13*i - 26. Let f be q(-2). Let n(d) = -d**2 - 2. Determine n(f).
-2
Let s = -85 + 84. Let a(q) = -7. Let l(c) = c. Let o(p) = s*a(p) + l(p). Determine o(-5).
2
Let a(s) = -2*s - 4. Suppose 0 = -m + 4*m - 3. Let h be 4/(-2)*(0 - m). Let f be (-8 - -3) + h/2. Calculate a(f).
4
Let v(c) = -40*c + 1 + 45*c + 2*c**2 + 3. Calculate v(-3).
7
Suppose -23*n - 94 + 25 = 0. Let l(i) = 2*i - 1. Calculate l(n).
-7
Let j(k) = 3*k**2 - 1. Let a be 3/(-27) + 112/(-126). Calculate j(a).
2
Let p be 22/12 - (-1)/6. Let a(v) = -p + 1 - v + 2*v**2 - 7*v**2 - v**3. Let s be (-6)/(-15) - (-27)/(-5). Determine a(s).
4
Let x(g) = -g**2 - 6*g - 2. Suppose -5*w = -r - 95, -4*r - 43 = -4*w + 17. Suppose -7*m - 8 = w. Calculate x(m).
6
Suppose 0 = 4*s - 5 - 7. Let v(k) = -4*k + 1 - 11 + s*k. Calculate v(-5).
-5
Let u(b) be the third derivative of b**5/60 + 5*b**4/24 + b**3/3 - 11*b**2. What is u(-3)?
-4
Let o(c) = c**3 + 5*c**2 - 8*c + 4. Let r be 55/22*((-9)/(-5) + -1). Suppose -19 - r = s + 5*h, -3*s - 4*h = 30. Determine o(s).
16
Let n(x) be the second derivative of -x**5/20 + x**4/4 - 3*x**2/2 - 175*x. Calculate n(3).
-3
Let h(y) be the third derivative of y**5/12 + y**4/24 - 9*y**2. Let d(p) = p + 20. Let m be d(-11). Let x = 8 - m. Calculate h(x).
4
Let r be ((-376)/94)/(3*(-2)/(-3)). Let g(n) = -n**3 - 2*n**2 - 3*n - 1. Calculate g(r).
5
Let v(k) = -4*k**2 + k + 1. Suppose 0 = 2*j - 3*d - 10, 5*j + 10*d - 6*d + 21 = 0. What is v(j)?
-4
Let g(j) = 2*j**2 - 9*j. Let z be g(4). Let m be 6/(-10) - ((-12)/20 - z). Let r(i) = -4*i + 3. What is r(m)?
19
Let z(w) = w + 1. Let p be 1*(-1 + -1 - -1). Let h(g) = g - 1. Let k(t) = p*z(t) - 2*h(t). Let d be -1 - 0/(-1)*-1. Calculate k(d).
4
Let g(k) = 2*k + 2. Let a be g(2). Let b(i) = i - 1. Let h(n) = n**2 - 4*n + 6. Let s(x) = a*b(x) - h(x). Determine s(9).
-3
Let z(x) = -x**2 + 12*x - 14. Let d be (-1 + 5 - 90/24)*44. Determine z(d).
-3
Let v(j) = -j**3 + 3*j**2 + 2*j - 1. Let u be v(4). Let q = -13 - u. Let k(m) be the third derivative of -m**5/30 - 5*m**4/24 - m**3/6 - 2*m**2. Calculate k(q).
-13
Let y(h) be the third derivative of 13*h**2 + 0 + 0*h + h**3 - 1/12*h**4 - 1/120*h**6 - 1/10*h**5. What is y(-5)?
-9
Let u(t) = t - 2. Let f(j) = -9*j + 38. Let y be f(4). What is u(y)?
0
Let v be -2*(-148)/8 - -2. Let i(q) = -2*q + 